579 a prime number?
False
Is 46509371 a prime number?
True
Is 28800859 composite?
False
Is 2201951 composite?
True
Is 11941469 composite?
False
Is 90423059 a prime number?
True
Is 563664899 a prime number?
False
Is 16072997 composite?
True
Is 242653 composite?
True
Is 1090871 a prime number?
False
Is 29500663 composite?
False
Is 71048902 a composite number?
True
Is 2864626 a composite number?
True
Is 3219793 prime?
False
Is 23086337 prime?
True
Is 99459151 composite?
True
Is 1177427 prime?
True
Is 129719507 a composite number?
False
Is 17301607 a composite number?
True
Is 1446587 a composite number?
False
Is 6397127 composite?
True
Is 2637911 a composite number?
False
Is 1106069 composite?
False
Is 66511 composite?
True
Is 517831037 a composite number?
True
Is 4460818 a prime number?
False
Is 3235639 a composite number?
True
Is 163019 a composite number?
False
Is 42787433 a prime number?
False
Is 8262539 prime?
False
Is 5467867 a composite number?
False
Is 9411697 a composite number?
False
Is 232398979 composite?
False
Is 440095661 prime?
False
Is 7419362 composite?
True
Is 18508151 composite?
True
Is 1033639 prime?
False
Is 163343 a prime number?
False
Is 39258119 a composite number?
True
Is 529197797 prime?
True
Is 1561361 a composite number?
True
Is 1910581481 composite?
False
Is 3872669 a prime number?
True
Is 2366783 prime?
False
Is 15309473 prime?
True
Is 43527703 a composite number?
False
Is 36232415 composite?
True
Is 11876981 prime?
True
Is 50390321 composite?
True
Is 18516829 composite?
False
Is 25547263 a composite number?
True
Is 263123 composite?
True
Is 264047897 composite?
False
Is 27560723 a prime number?
False
Is 1393611 a prime number?
False
Is 81853813 prime?
False
Is 188988871 prime?
True
Is 1926649 a prime number?
True
Is 14579437 prime?
False
Is 22863703 a prime number?
True
Is 27287291 a prime number?
False
Is 70312421 a prime number?
True
Is 62993 a composite number?
True
Is 6510821 a composite number?
False
Is 15762391 a composite number?
True
Is 3054683 composite?
True
Is 92297 prime?
True
Is 152981603 composite?
True
Is 360034463 prime?
True
Is 1156403 a composite number?
False
Is 258604927 prime?
False
Is 2680421 composite?
False
Is 10443971 prime?
False
Is 40241569 a composite number?
False
Is 3753907 prime?
False
Is 95773247 prime?
False
Is 2515379 a composite number?
False
Is 33543857 a prime number?
True
Is 277428959 prime?
True
Is 118492939 a composite number?
True
Is 3216217 prime?
False
Is 55902914 a prime number?
False
Is 88332107 a prime number?
False
Is 2729491 a prime number?
True
Is 1124153 prime?
False
Is 37021939 prime?
True
Is 424656773 a prime number?
False
Is 295490443 a composite number?
False
Is 88017427 a composite number?
False
Is 14654741 a composite number?
True
Is 2030153 composite?
True
Is 72932111 composite?
True
Is 26935817 a composite number?
True
Is 472179347 prime?
True
Is 159737687 composite?
True
Is 223553483 a composite number?
False
Is 519863 prime?
True
Is 79229 a composite number?
False
Is 69031 prime?
True
Is 1858691 a composite number?
False
Is 3236587 composite?
False
Is 17361979 a composite number?
True
Is 50016161 prime?
False
Is 304477 prime?
True
Is 15591187 a composite number?
True
Is 348114307 a prime number?
False
Is 271481 prime?
False
Is 12065747 prime?
False
Is 4193093 composite?
True
Is 19262953 prime?
True
Is 78479761 a composite number?
False
Is 9171581 a prime number?
True
Is 133847221 composite?
False
Is 54652498 a composite number?
True
Is 3581321 prime?
True
Is 5737731 prime?
False
Is 167428421 a composite number?
False
Is 65264131 a composite number?
False
Is 1448387 prime?
True
Is 58973171 composite?
False
Is 39706049 a prime number?
True
Is 125670653 a composite number?
True
Is 242636719 composite?
True
Is 44716249 a prime number?
True
Is 492427 a composite number?
True
Is 121994849 prime?
False
Is 32846087 a prime number?
False
Is 167164277 a composite number?
True
Is 7396423 composite?
False
Is 574110863 prime?
True
Is 292624789 composite?
False
Is 56414503 a composite number?
False
Is 4383209 composite?
False
Is 3953987 a composite number?
True
Is 15764906 composite?
True
Is 7691 prime?
True
Is 82943131 composite?
False
Is 5091991 a prime number?
True
Is 7114193 composite?
True
Is 360083 a prime number?
False
Is 42899 a composite number?
False
Is 646223623 a prime number?
True
Is 84266333 a prime number?
True
Is 14438087 a composite number?
True
Is 16392039 composite?
True
Is 8297359 composite?
True
Is 2556427 composite?
True
Is 2330143 a prime number?
True
Is 372971 a composite number?
False
Is 106937887 a prime number?
False
Is 1903787 a composite number?
False
Is 26987542 composite?
True
Is 1348669 composite?
True
Is 29163859 prime?
False
Is 300176903 composite?
True
Is 398481253 a composite number?
False
Is 23859851 prime?
True
Is 1464863 a prime number?
True
Is 26442257 a composite number?
False
Is 201924817 a composite number?
False
Is 34033757 composite?
False
Is 8152077 a composite number?
True
Is 21309179 composite?
False
Is 497654907 composite?
True
Is 15719261 prime?
False
Is 24294967 a composite number?
False
Is 25383541 a prime number?
False
Is 30161699 prime?
False
Is 27387403 composite?
True
Is 6337613 composite?
True
Is 719143 composite?
False
Is 204551434 prime?
False
Is 1086677 a composite number?
False
Is 33124081 a composite number?
False
Is 1366621 composite?
True
Is 10373749 a prime number?
False
Is 299784913 a prime number?
True
Is 58596007 composite?
False
Is 169430783 a prime number?
True
Is 3539777 a composite number?
False
Is 18812021 prime?
False
Is 2727037 a composite number?
False
Is 2294113 a composite number?
False
Is 1551497 a composite number?
False
Is 5763991 a composite number?
False
Is 146639 composite?
False
Is 31500341 a prime number?
False
Is 58382833 a prime number?
True
Is 6772841 a prime number?
False
Is 490739 composite?
True
Is 910587 composite?
True
Is 15884201 composite?
False
Is 2661157 a prime number?
True
Is 174121 a prime number?
True
Is 31617951 prime?
False
Is 213475079 prime?
True
Is 16580213 prime?
False
Is 472387 a prime number?
False
Is 248953891 composite?
True
Is 1821571 a composite number?
False
Is 11789081 composite?
False
Is 8472869 a composite number?
False
Is 505944641 prime?
True
Is 6957691 prime?
False
Is 57527 prime?
True
Is 8908414 composite?
True
Is 9961867 a composite number?
False
Is 871333 a prime number?
False
Is 20977 prime?
False
Is 6511469 a prime number?
True
Is 16356299 composite?
False
Is 954647 composite?
True
Is 217013411 a composite number?
False
Is 75513577 a prime number?
False
Is 991594 composite?
True
Is 61996619 prime?
False
Is 277285 a composite number?
True
Is 8330549 a composite number?
False
Is 4898723 a composite number?
False
Is 29399353 composite?
True
Is 25992029 prime?
False
Is 576551 prime?
True
Is 6459029 a prime number?
True
Is 73783079 composite?
False
Is 7706045 a composite number?
True
Is 168072701 a composite number?
False
Is 83175679 a prime number?
False
Is 56654261 composite?
True
Is 2525867 a prime number?
False
Is 8296837 composite?
True
Is 4807727 prime?
False
Is 2591363 a composite number?
False
Is 13237429 a composite number?
True
Is 35150521 a prime number?
False
Is 141488183 a composite number?
False
Is 220279 a composite number?
False
Is 7338238 a composite number?
True
Is 41547809 prime?
False
Is 2829929 prime?
False
Is 37282549 prime?
False
Is 6266249 a composite number?
True
Is 2430583 a composite number?
True
Is 196520554 a composite number?
True
Is 80248061 a prime number?
True
Is 13838011 a composite number?
True
Is 820897855 prime?
False
Is 7544197 prime?
False
Is 410867 a prime number?
False
Is 3317959 prime?
False
Is 224442259 prime?
False
Is 45324931 prime?
False
Is 16097243 a composite number?
False
Is 527583799 composite?
False
Is 104069837 prime?
False
Is 155436793 composite?
True
Is 197712523 composite?
True
Is 691667 composite?
True
Is 94529089 a composite number?
False
Is 2652841 prime?
True
Is 61136003 a prime number?
True
Is 40051283 a prime number?
True
Is 685606 composite?
True
Is 70549331 prime?
True
Is 3565829 prime?
True
Is 2836241 a composite number?
False
Is 84764731 a prime number?
True
Is 3605027 composite?
Fals